8/8. Calculate the highest common divisor of u and f.
15
Let a be ((-32)/10)/((-1)/5). Suppose 5*k - 30 = 2*n + 36, 6 = -2*n. Suppose -k = -2*x - 4*x. What is the greatest common factor of x and a?
2
Let x be (2 + -1)*2*5. Let i(q) = -q - q**2 + 2 + q + 4*q. Let k be i(3). What is the greatest common divisor of x and k?
5
Suppose -2*q = 2*p, 4*p - 4 = -5*q - 0. Suppose q*b - 281 = -81. What is the highest common divisor of b and 5?
5
Suppose -5*o = 3 - 18. Suppose r + 10 = o*r. Calculate the highest common divisor of 5 and r.
5
Let z be (-1725)/(-195) - 4/(-26). What is the greatest common factor of z and 81?
9
Let k be -3*-1*(-3)/9. Let n be k + (2 - -282) - 3. Suppose -v + n = 5. Calculate the highest common divisor of 25 and v.
25
Suppose -3*r + 120 - 45 = 0. Suppose 2*f + r = 7*f. Calculate the highest common divisor of f and 40.
5
Suppose -4*f - 3 = 17. Let c = -1 - f. Let q be (-2)/(-2) - (-4)/c. What is the greatest common divisor of q and 18?
2
Let q = -71 - -103. Suppose -q = -5*t + k, -t + 0*k - k + 10 = 0. Suppose -3*g + 2*g + t = 0. Calculate the highest common factor of g and 63.
7
Let k = -119 - -227. Suppose -2*s + 33 = -3*g, 3 = -g - 0. What is the highest common factor of s and k?
12
Let x(z) = 7*z**2 - 1. Let l be x(-1). Let w(i) = 7*i + 8. Let c be w(l). What is the highest common divisor of 10 and c?
10
Let m be (-232)/(-13) - ((-36)/(-39))/(-6). What is the highest common factor of 198 and m?
18
Suppose -3*n - 60 = -4*n. Let v(i) = i**2 - i - i - 3*i. Let o be v(8). What is the greatest common divisor of n and o?
12
Let o = -1 - -5. Let p be 87/6 + 2/o. Calculate the highest common factor of 135 and p.
15
Let m = -81 + 123. Let f = -8 - 0. Let h = 36 + f. What is the greatest common divisor of h and m?
14
Suppose x - 4 = 0, 2*x = 2*w + x - 8. Suppose 0 = -4*c + 4*t + 80, t - 6 = -c + w. Calculate the highest common divisor of c and 40.
8
Let p = 14 - 10. Suppose r + 3*y = -r - 33, -p*y - 48 = 3*r. Let z = -10 - r. Calculate the greatest common factor of z and 14.
2
Suppose 2*z - 8 = -4*x, 5*x - 7*z = -4*z - 12. Suppose x*g - 10 = -g. Suppose -126 + 46 = -4*w. Calculate the highest common divisor of g and w.
10
Suppose 253*u - 255*u = -104. What is the highest common divisor of u and 13?
13
Let c be -2 - (-5)/2*2. Suppose -33 = c*q - 87. Calculate the highest common divisor of 27 and q.
9
Suppose -2*b + 26 = 3*p, 2*b - 5 = -3. What is the highest common factor of 28 and p?
4
Let o = 3 + 1. Let p be (-6)/(-4)*(o - 2). Suppose -p*r + 2*r = -10. Calculate the greatest common divisor of 10 and r.
10
Suppose -4*a + 7*a = 12. Suppose a*b = -0*b + 36. What is the greatest common divisor of 18 and b?
9
Let m be ((-56)/5)/(-4)*70. Calculate the greatest common divisor of 28 and m.
28
Let n = -11 - -14. Suppose 0 = -5*p - w + 78, -p + 10 = -0*p + n*w. Calculate the greatest common divisor of p and 48.
16
Suppose 3*y + 4*k - 79 = 0, 2*y - 5*y + 51 = -3*k. What is the greatest common divisor of 231 and y?
21
Let w = -8 - -12. Let m be 24/5*100/15. Calculate the greatest common divisor of m and w.
4
Suppose -8 = -8*r - 0*r. Calculate the greatest common factor of 7 and r.
1
Suppose -4*i = -5 - 3. Suppose 0*t + i*t = 0. Let y be (t + 2 - 0)*1. What is the greatest common divisor of y and 3?
1
Suppose -8*v + 3*v + 3*f = 0, 10 = -5*v + 5*f. Suppose 3*b - n + 9 = 7*b, 0 = 5*b - v*n - 24. Let y = 1 + b. What is the highest common divisor of 36 and y?
4
Suppose 2*b = -b. Let d be (-6)/(-4) - 3/(-6). Suppose -d*v + 0*v + 10 = b. Calculate the highest common factor of 45 and v.
5
Suppose 116*m - 315 = 109*m. Suppose 2*c - 4*c + 30 = 0. Calculate the greatest common divisor of c and m.
15
Suppose w + 5 = 2*w. What is the greatest common divisor of w and 40?
5
Suppose -2 = -5*v + 4*v. Suppose -3*h + 2*h = -3*m, 2*m = -h. Suppose -w + v*w - 40 = h. Calculate the highest common factor of w and 20.
20
Suppose -2*s + 60 = -0*s. Let c(b) = -b**3 + 3*b**2 - b. Let f be c(1). Let i be (-19 - f)/(-1 + 0). Calculate the highest common divisor of i and s.
10
Suppose 2*c - 18 = 22. Suppose 0 = -2*s + y + 4, -2*s - 2*y = -s + 3. Let z be (s + -21)*(1 + -2). What is the greatest common divisor of c and z?
20
Suppose 4*o = 5*a + 697, -o + 153 = 2*a + a. Let x be 1 - (-24 + 1)*1. Calculate the highest common divisor of o and x.
24
Suppose 4*d + 28 = -4*y, 7 = 3*d + 19. Let k = 6 + y. Suppose 2*l - 5 = -p + 4*l, k*l = -4*p + 20. What is the highest common divisor of 45 and p?
5
Let u be 4/(-3) - 148/(-12). Suppose -2*y + 198 = -0*y. Calculate the greatest common divisor of u and y.
11
Suppose 4 = 2*a - 5*y, a - 5*y - 6 = -2*a. Suppose 3*p + 9 = 4*p. Let z = -8 + p. What is the greatest common factor of a and z?
1
Let a = -135 + 141. Calculate the greatest common divisor of a and 36.
6
Let f be (-34)/(-8) - 2/8. Let l(o) = o**2 - 2*o. Let p be l(f). What is the highest common divisor of p and 2?
2
Suppose 0*i - 8 = -i. Let l be ((-10)/3)/(2/(-3)). Suppose -l*v + 21 = -139. What is the greatest common factor of v and i?
8
Let v = 3 + -7. Let r = v - -20. What is the highest common divisor of 64 and r?
16
Let n(q) = -q + 12. Let g be n(-10). Let t = 40 - -15. What is the greatest common factor of t and g?
11
Suppose q - 6 = -2*b - q, 3*b - 5*q + 15 = 0. Suppose b*d = 3*d - 33. Calculate the highest common divisor of d and 44.
11
Suppose 0 = -0*y - 4*y + 468. Calculate the highest common factor of 13 and y.
13
Let b be ((-2)/(-5))/((-2)/(-440)). Let r be ((-12)/(-8))/(3/b). What is the greatest common divisor of r and 4?
4
Let a be (0 + 10)*3/2. Let k(y) = -y**2 + 8*y + 4. Let p be k(6). Suppose 3*u = -b + p, u - 2*u + 3 = -2*b. Calculate the highest common divisor of a and u.
5
Suppose 5*r - 76 = q, r + 5*q - 25 = -r. Let z = 549 - 175. Let b = z + -209. What is the greatest common divisor of b and r?
15
Let x = 119 + 21. Calculate the greatest common factor of x and 20.
20
Let v(f) = -f**3 - 2*f**2 + 5. Let w be v(-7). What is the greatest common divisor of w and 25?
25
Let p(m) = 5*m - 7. Let o(a) = 2*a + 1. Let x be o(1). Let k be p(x). Calculate the greatest common divisor of k and 32.
8
Suppose -2*n - 21 = -5*n. Let m = -112 - -66. Let r = -18 - m. Calculate the greatest common divisor of r and n.
7
Let r = -22 + 25. Suppose -2 = r*s + 4, -5*s + 60 = u. What is the highest common divisor of u and 14?
14
Let o be (-213)/(-21) - 1/7. Let y be (-3)/((3/(-4))/1). Let m be 32*(2 - 3/y). What is the greatest common factor of o and m?
10
Suppose 3*c + 12 - 18 = 0. Calculate the highest common divisor of 22 and c.
2
Suppose 3 = -3*v + 15. Let j be v*(-2)/(-4) + 15. Let u = j + 19. What is the highest common divisor of u and 12?
12
Let q be 1*(21/3 - 1). Suppose q = 2*l - 12. What is the greatest common factor of l and 72?
9
Suppose -5*o + 23 = 4*h, 17 + 0 = h + 5*o. Suppose -q + 26 = -h. Suppose -f = -3*f + q. Calculate the greatest common divisor of f and 42.
14
Suppose -2*y + 0*y - 2*q + 40 = 0, 0 = -5*y - 4*q + 95. Suppose -2*t - 18 = -4*m, -2 = -m - 3*t - 8. What is the highest common factor of y and m?
3
Suppose 0 = -w + r + 4, 3*r - 5 = -2. Calculate the highest common factor of 20 and w.
5
Let u(v) = 2*v - v + 8*v - v**2 + 3. Let n be u(8). Let s = 58 + 8. What is the greatest common divisor of n and s?
11
Let m(p) = p**3 - 8*p**2 + 3*p + 9. Let d be 4 + (1 - 2/1). Let k be (48/(-9))/((-2)/d). Let q be m(k). What is the greatest common divisor of 3 and q?
3
Suppose -10*u + 136 + 4 = 0. What is the greatest common divisor of u and 119?
7
Let s = 148 + -144. Calculate the highest common factor of 4 and s.
4
Suppose -5*u + 12 = -u. Suppose 0 = u*g + g - 48. Calculate the greatest common divisor of g and 108.
12
Let q be ((-3)/(-6))/((-1)/(-2)). Let m be (-4)/(-4)*(q + 3). Let j(b) = 2*b + 2. Let h be j(3). What is the greatest common factor of m and h?
4
Let z be 1*-4*1/(-4). What is the greatest common divisor of z and 4?
1
Let r be (-3)/6 + (-18)/4. Let p be 2/r - (-3132)/30. Calculate the highest common factor of 13 and p.
13
Suppose 5*b + 5*j = 60, 3*b - 5*j - 2 = 2. Suppose 0 = -3*z, y = 4*z - b - 12. Let v = 75 + y. What is the highest common factor of 11 and v?
11
Let r be (-2)/(-5)*2*10. Let p = -3 + -1. Let i = 5 + p. Calculate the greatest common di